 Let s = q + 23. Determine c(s).
-4
Let u(r) = 8 + 7*r**2 + r**3 + 145*r - 91*r - 43*r. What is u(-5)?
3
Let f(l) = 108*l**2 - 9 + 9*l - 109*l**2 + 2*l. Calculate f(11).
-9
Let k = 778 - 780. Let v(n) = 6*n**2 + 3. Calculate v(k).
27
Let t(a) be the second derivative of -2*a**2 + 0 + 5*a - 2/3*a**3. Give t(-4).
12
Let i be (4/(-12))/((-2)/36). Suppose 0 = -0*j - j - p - i, -p = 2*j + 15. Let a(r) = -r**3 - 10*r**2 - 7*r + 11. Give a(j).
-7
Suppose 9*q = 3*c + 4*q - 40, 4*c - q = 42. Let a be (2 + -4 + 1)/(2/c). Let y(o) = 8*o + 11. Let b(z) = 2*z + 3. Let i(r) = -9*b(r) + 2*y(r). Give i(a).
5
Let j(m) = -m + 3. Suppose -6*i = -0 - 6. Let l be i/(-3) - (-136)/(-24). Give j(l).
9
Let w be 4/6*(-1 + 5/2). Suppose -4*b = -3*p - 9 - 8, -w = -p. Let v(g) = -11*g + 8 - 1 + 8*g. What is v(b)?
-8
Let z = 246 - 74. Let u(o) = -4*o**2 + 2*o**3 - z*o - 3*o**3 - 2 + 167*o. Calculate u(-3).
4
Let q = -15 - -25. Let y = q + -5. Suppose 5*p + 2*s - 8 = 2*p, -3*p + y*s - 20 = 0. Let n(z) = z**2 + z + 1. Calculate n(p).
1
Let b be 9/1*(-8)/(-6). Let a be (8/b)/(-1)*3. Let p = 8 + a. Let k(d) = d - 11. Give k(p).
-5
Let h(k) = -k**2 - 16*k - 4. Let l be -18 + (24/4 - -2) + -4. What is h(l)?
24
Let m(l) = -1 - 3*l**2 - 3*l + 0*l + 0*l + 4. Give m(2).
-15
Let h(v) = v**3 - 2*v**2 - 3*v. Let n be h(3). Let q(c) = 140*c**2 - c + c - 141*c**2. Calculate q(n).
0
Let t(d) = 14*d + 23. Let g(y) = y + 12. Let a(o) = -2*o - 11. Let h(n) = 4*a(n) + 3*g(n). Let w = 1 - -2. Let m(p) = w*t(p) + 8*h(p). Determine m(-4).
-3
Let s(z) = z - 332*z**2 + 1016*z**2 - 9 - 335*z**2 - z**3 - 342*z**2. Let m = 4 + 3. What is s(m)?
-2
Let d(t) = 3*t - 2. Let l be -6 + 160/72 + 2/(-9). Determine d(l).
-14
Let t(k) be the second derivative of k**5/20 + 2*k**4/3 + k**3/3 + 3*k**2 + 371*k. What is t(-7)?
41
Let f(h) = -25*h + 24. Let x(u) = -4*u + 4. Let q(r) = -6*f(r) + 38*x(r). What is q(5)?
-2
Let i be (-5)/(-6) - 11/(-66). Let d(o) = -i - 3*o + 4 - 1 + 2. Suppose m - 5*m = -16. What is d(m)?
-8
Suppose -74*b = -81*b + 42. Let s(n) = -n**3 + 7*n**2 - 8*n + 4. Give s(b).
-8
Let n(t) = t**3 - 15*t**2 - 17*t + 1. Let z be n(16). Let x = z - -26. Let g(j) = 6 - x + 4*j + 4. Give g(-1).
-5
Let p(h) = -2*h**2 - 56*h - 64. Let n be p(-27). Let c(x) = -x - 10. What is c(n)?
0
Suppose -14*a = -10*a - q - 17, 5*a - 4*q - 24 = 0. Let o(u) = -6*u - 5. Let b(r) = r. Let c(d) = -5*b(d) - o(d). Give c(a).
9
Let y(j) = 6 - 42*j + 8*j**2 + 49*j**3 - 48*j**3 + 34*j. What is y(-9)?
-3
Let a(l) be the third derivative of 0 + 0*l - 1/6*l**3 + 7*l**2 + 1/6*l**4. Determine a(2).
7
Let v(b) be the first derivative of -3*b**2/2 + b - 6. Let z(h) = h**3 - 7*h**2 - h - 1. Let g be z(7). Let m be 2/g + 3/(-4). Determine v(m).
4
Let k(j) = 9*j - 21*j**3 - 10*j**2 + 3*j**2 + 22*j**3. Suppose -s + 28 = 22. Calculate k(s).
18
Let l(v) = 2*v - 2 + 3 + 3. Let x(k) = -k**3 - 34*k**2 - 31*k + 63. Let q be x(-33). Determine l(q).
-2
Let p(t) = -2*t - t**2 - t + 2*t - 13 - 6*t. Determine p(-6).
-7
Let q = -32 - -52. Suppose 6*b - q = 2*b. Suppose 3*j = -9, -3*j = -a + b*a - 15. Let g(f) = f - 5. Give g(a).
1
Let c(x) = -2*x - 5. Let v be 14 + -6 - (-6 + 2)/4. Give c(v).
-23
Let m(z) be the third derivative of z**4/24 + z**3/3 + 76*z**2 - 2*z. Give m(-6).
-4
Let z(a) = a**2 - 7*a - 11. Suppose 2*v = -3*v - 5*g + 315, -v + 4*g + 68 = 0. Suppose 0*y = 8*y - v. Calculate z(y).
-3
Let p be 1 + (-1 + -1)*3. Let v(g) be the second derivative of g**4/12 + g**3 + g**2/2 + 894*g. Determine v(p).
-4
Let q(b) = b**2 - 11*b + 8. Let v = -73 + 84. Determine q(v).
8
Let i(f) = 17*f**3 + 14*f**2 - 12*f - 7. Let g(k) = -20*k**3 - 15*k**2 + 12*k + 7. Let b(h) = 6*g(h) + 7*i(h). Give b(6).
-7
Let n(z) = -z**3 - 9*z**2 + 9*z. Let a(k) = -k**2 - 5*k + 2. Let d be a(0). Suppose 3*h - 32 = 2*c - 6, d*h - 44 = 4*c. Determine n(c).
10
Suppose 12 = 4*t - 3*k - 31, -k - 40 = -5*t. Let u(z) = -2*z - 5. What is u(t)?
-19
Let m(x) = -x**2 + 3*x. Suppose 4*h = -2*w + 14, -8 = -h + w - 0. Suppose -s = -5*p - 3*s + 31, 2*p = h*s - 5. Give m(p).
-10
Let o(s) = -s**3 - 7*s**2 + 2*s. Let u(x) = 2*x + 24. Let w be u(8). Suppose 0 = -10*y - 30 - w. Give o(y).
-14
Let c = 82 - 87. Let q(v) be the second derivative of -v**5/20 - v**4/3 + v**3/2 - 2*v**2 - 16*v. Give q(c).
6
Suppose -x - 4*w + 6 = 0, -2 = -2*w + 2. Let s(l) = 11*l + 2. Let f(o) = -243*o - 45. Let b(g) = x*f(g) - 45*s(g). Determine b(-1).
9
Let g(t) = 3*t**2 + 50*t - 19. Let h be g(-17). Let j(s) = -6*s + 2. Give j(h).
14
Let l = -2 + 6. Let w(b) = -10*b - 6 + 9*b + 4*b. Let o(a) = 16*a - 31. Let u(i) = 2*o(i) - 11*w(i). Calculate u(l).
0
Let j = -581 - -582. Let n(y) = 24*y**3 - 2*y + 1. Determine n(j).
23
Let x(k) = k**2 + 8*k - 3. Let g(v) = 2*v**3 - 35*v**2 - 5*v - 242. Let n be g(18). Calculate x(n).
-3
Let q(w) = -3 - w**3 + 33*w**2 + 4*w - 35*w**2 - w. What is q(-3)?
-3
Let t be (1/2)/((8/4)/96). Let g(m) = 47 - t - 25 + m. Calculate g(3).
1
Let i(x) be the third derivative of -x**6/120 + x**5/15 + x**4/24 - 5*x**3/6 + 301*x**2. Let a be -2 - (-6*1 - 0). Determine i(a).
-1
Let a(j) = -j**3 + 6*j**2 - 2*j - 9. Let m be a(5). Let f(c) = -c**3 + 5*c**2 + 6*c - 3. Give f(m).
-3
Let b(h) = -h**3 + 2*h**2 - 3*h + 1. Let k(r) = 3*r - 11. Let m be k(5). Let y be 4*(-5)/m*2/(-5). Determine b(y).
-5
Let a(j) be the second derivative of -j**5/60 - j**4/8 - 2*j**3 + 23*j. Let l(g) be the second derivative of a(g). Give l(-4).
5
Let i(s) = -s**3 + 4*s**2 - 4*s + 1. Let f be (-3)/2*4/(-6). Suppose 2*l + 2 - 10 = 0, -2*o + 10 = l. Let d be f - -2*(4 - o). Give i(d).
-2
Let g(x) = -4*x + 2057*x**2 + 13 - 2056*x**2 - 4*x. What is g(4)?
-3
Let m(g) = 4*g**3 - 19*g**2 + 7*g - 8. Let s(j) = -j**3 + 5*j**2 - 2*j + 2. Let d(x) = -2*m(x) - 9*s(x). Calculate d(6).
-14
Let a(f) be the first derivative of f**2/2 + 10*f - 28. Calculate a(-6).
4
Let y(x) = -3*x - 3. Suppose -12 = -z - 4*v, 4*z + z - 12 = 4*v. Suppose -5*u = 6 + z. Determine y(u).
3
Let g(n) be the first derivative of -n**3/3 - 2*n**2 - 16. Calculate g(-4).
0
Let v(q) be the third derivative of -q**6/120 - 3*q**5/20 + q**4/3 - 7*q**3/3 - q**2. Suppose -952*h + 1004*h + 520 = 0. What is v(h)?
6
Let a(d) = -1 - 4*d + 2 + 8*d + d. Suppose 6 = -3*z - 9, 2*n = 3*z + 11. What is a(n)?
-9
Let h(k) be the third derivative of -k**6/120 - k**5/10 + k**4/8 + 4*k**3/3 - 12*k**2 + 4. What is h(-6)?
-10
Let l be 5/((-15)/21)*-1. Let x(s) = 4*s - 3. Calculate x(l).
25
Let f(n) = -n**3 + 5*n**2 - 4*n + 2. Let g(a) = a**2 - 9*a + 17. Let c = -1 - -8. Let x be g(c). What is f(x)?
8
Suppose 5*f - p - 18 = 0, -3*f + 12 = 3*p - 6. Suppose -5*y = -f*q - 79, 0 = 3*q - 0 + 3. Let n = y - 14. Let z(h) = 2*h**2 + h - 1. Calculate z(n).
2
Let r(x) = x - 2. Suppose -416 = 8*o + 312. Let u = -80 - o. Give r(u).
9
Let y(n) = 2*n - 4. Let s be y(4). Suppose -5*a = -2*v - 24, 3*a + v - 9 = 1. Let c(u) = 4 + s*u + a - 6. Give c(-2).
-6
Let t(b) = -b**2 + 3*b - 7. Let f be 1 - -10*1/(-5)*-2. Let n(w) = w - 1. Let l(u) = f*n(u) - t(u). What is l(-3)?
5
Let n(q) = -q. Let g(d) = -d**2 - 10*d + 15. Let j(m) = g(m) + 3*n(m). Calculate j(-14).
1
Let z(d) = d**3 + 3*d**2 - d + 2. Let h be -2*(-4 - (-7)/(-2)). Suppose 0 = -17*o + 12*o - h. Determine z(o).
5
Let y(s) = -63*s + 7. Let k(d) = -26*d + 3. Let p(f) = -7*k(f) + 3*y(f). Determine p(-5).
35
Let r = -31 + 37. Suppose -2*p + r = p. Let g(i) = -2 - p + 3*i + 0*i + 5. Determine g(-3).
-8
Let u(h) = -79957247 + 79957232 + 3*h**2 - 4*h**2 - h. Suppose 5*q + 5*v + 4 = -6, -2*q - 9 = 3*v. Let o(s) = s - 3. Let a be o(q). Give u(a).
-15
Let h(g) be the second derivative of g**6/120 + 2*g**5/15 + g**4/3 - g**3/2 - 7*g**2 + 30*g. Let s(y) be the first derivative of h(y). Determine s(-7).
-10
Let l be (-28)/224 + (2/16)/1. Let x(b) = b**2 + b - 7. Give x(l).
-7
Let u(v) be the second derivative of v**4/12 - v**3 - v**2 + 42*v. What is u(6)?
-2
Let m(u) = 2*u. Suppose -8 - 2 = -5*q + 3*g, -2*q + 5*g = 15. Suppose -9 = 4*v - q. Let o be m(v). Let n(f) = 3*f + 1. Determine n(o).
-5
Suppose -i - 10 = -15. Let k(c) = 6 + 4*c**2 - 6*c - i*c**2 + 0*c**2. Suppose 2*r + r + 18 = 0. Determine k(r).
6
Let x(m) be the third derivative of m**4/3 - m**3/2 - 64*m**2. Determine x(2).
13
Let u(r) = -2*r**3 - 4*r**2 + 2*r + 2. Let j be u(-3). Let l = j + -5. Let 